 to base 12
144b4a
What is -3c3a5 (base 14) in base 5?
-14231114
-50a78 (base 15) to base 8
-763000
158820 (base 9) to base 3
11222220200
220101200122 (base 3) to base 11
2a8852
2233212231 (base 4) to base 9
1315586
Convert -99273 (base 13) to base 2.
-1000011101100000110
2054520 (base 7) to base 13
893ca
What is 1a343b6 (base 14) in base 4?
301232103330
351150 (base 6) to base 13
10908
What is 100022010022201 (base 3) in base 2?
10010110110110000000111
Convert 122000021002 (base 3) to base 16.
51bd2
What is -1701256 (base 8) in base 15?
-9ac8b
Convert 288d3 (base 14) to base 6.
2053241
Convert -22220112010 (base 3) to base 6.
-3431433
Convert -7065485 (base 9) to base 6.
-212355335
What is 12031322313 (base 4) in base 5?
404124004
-174207 (base 9) to base 13
-3a255
What is 6e5b5 (base 16) in base 15?
8ddeb
Convert -1331122310 (base 4) to base 10.
-513716
Convert 232210031 (base 4) to base 9.
320565
42133000 (base 5) to base 14
91337
What is -347757 (base 9) in base 7?
-1530442
What is 1021110212000 (base 3) in base 16?
a5abf
What is -1d8e (base 15) in base 12?
-3882
1014614 (base 9) to base 7
4413322
-2e3af6 (base 16) to base 7
-34516043
Convert 2110123123 (base 4) to base 9.
1125864
-152512201 (base 6) to base 14
-5d9049
What is 1741e (base 15) in base 9?
124112
Convert -1607c3 (base 13) to base 5.
-114402001
Convert -266869 (base 12) to base 3.
-1012012020200
What is 100101100011011010001 (base 2) in base 9?
2274882
What is 9247 (base 10) in base 14?
3527
-1110001111111110101 (base 2) to base 5
-104420213
-3cbb54 (base 13) to base 8
-5517722
What is -14331213133 (base 5) in base 6?
-1515220421
Convert -1243433321 (base 5) to base 8.
-13667352
What is -11101100101001100111 (base 2) in base 5?
-222004234
What is -632200 (base 8) in base 15?
-42383
What is 2223102322 (base 4) in base 2?
10101011010010111010
Convert -7206a (base 16) to base 9.
-781604
What is 55517 (base 10) in base 7?
320600
Convert -59734 (base 11) to base 12.
-41984
What is -17a9b0 (base 13) in base 14?
-116ad8
What is 141121653 (base 7) in base 6?
525055310
Convert 213200300 (base 4) to base 13.
58883
-197a2 (base 15) to base 8
-241447
Convert -31358 (base 10) to base 11.
-21618
510265 (base 10) to base 14
d3d57
What is -1132300322 (base 4) in base 3?
-201201110002
What is 277874 (base 10) in base 6?
5542242
What is 8217 (base 10) in base 3?
102021100
Convert -1110010101100101001 (base 2) to base 9.
-785401
Convert 1213121232 (base 4) to base 16.
6766e
11101001001111110101 (base 2) to base 14
1ac257
What is 72100 (base 11) in base 4?
121230312
What is 7274102 (base 8) in base 2?
111010111100001000010
-2223024032 (base 5) to base 9
-10176081
b0b33 (base 14) to base 7
3416263
Convert -1cb2a (base 14) to base 8.
-217502
Convert 1289aaa (base 13) to base 5.
2442210421
What is -19232 (base 13) in base 2?
-1011111001001001
What is 11011001000000010 (base 2) in base 8?
331002
Convert -598a279 (base 11) to base 8.
-47642616
What is 26ad9 (base 14) in base 5?
11023242
Convert 101202111102 (base 3) to base 11.
135120
What is 111322422 (base 5) in base 7?
4132130
-11313400 (base 5) to base 4
-121130201
Convert 10000001011101000101011 (base 2) to base 16.
40ba2b
-1110111020112 (base 3) to base 10
-777290
What is 250363 (base 8) in base 12?
41b03
What is -bc0c (base 13) in base 16?
-665f
What is -2354465 (base 8) in base 3?
-1012210100210
-1000010010111110001111 (base 2) to base 9
-4074314
-745157 (base 9) to base 11
-28311a
Convert -304131215 (base 6) to base 4.
-103332222323
Convert 331628 (base 9) to base 11.
1258a5
Convert -66608 (base 10) to base 2.
-10000010000110000
-11011000001222 (base 3) to base 11
-1276346
1002012102211 (base 3) to base 7
4612501
-110121100100 (base 3) to base 15
-4d7ac
What is 1110001100110101101101 (base 2) in base 14?
6cc8c5
What is -111110111111110100 (base 2) in base 12?
-1053b0
Convert 35f1c (base 16) to base 12.
a7a50
Convert -183c2 (base 14) to base 15.
-131a1
What is -520220 (base 6) in base 14?
-11204
What is 31232011 (base 4) in base 14?
166a1
What is -1001101111100001111010 (base 2) in base 15?
-356b03
Convert -472338 (base 9) to base 3.
-112102101022
Convert 1a4aa1 (base 11) to base 6.
10422110
Convert 3d06c (base 14) to base 9.
250135
-3919a (base 15) to base 2
-101100100101011100
What is 13213345 (base 6) in base 11?
279801
Convert -1044201414 (base 5) to base 12.
-947069
What is -21341444 (base 7) in base 8?
-6755063
What is 1c30192 (base 13) in base 12?
3179574
What is -1b90b9 (base 12) in base 15?
-9ae66
What is 211511335 (base 6) in base 7?
43446662
67b4 (base 15) to base 12
1088a
-5276 (base 10) to base 4
-1102130
-45b431 (base 15) to base 16
-32cab8
What is 22102222221 (base 3) in base 13?
5a865
-149547 (base 13) to base 4
-1323211212
Convert 1901816 (base 14) to base 6.
1121120204
15503540 (base 6) to base 5
120143243
Convert -971d6 (base 14) to base 3.
-200120010222
What is 6513 (base 14) in base 3?
212221201
What is 1660078 (base 9) in base 12?
387498
What is -321303312 (base 4) in base 11?
-1519a4
What is c14181 (base 13) in base 5?
2122240024
Convert -8f95 (base 16) to base 15.
-ad57
Convert 931928 (base 10) to base 16.
e3858
What is 21201013010 (base 4) in base 14?
48d324
What is -4022013 (base 5) in base 11?
-440aa
What is -2431134 (base 5) in base 4?
-23023202
What is 2523020 (base 6) in base 3?
20212210110
What is -4452645 (base 9) in base 5?
-1103144000
-2799890 (base 11) to base 16
-4979be
Convert -34f5f (base 16) to base 4.
-310331133
3066544 (base 7) to base 12
159b34
What is -14120210 (base 5) in base 8?
-433237
Convert 3221324 (base 6) to base 8.
465364
Convert -22021011100 (base 3) to base 13.
-59082
What is 4685a0 (base 11) in base 10?
743413
What is -6120018 (base 11) in base 16?
-a51886
What is 312300203 (base 4) in base 3?
102101200002
Convert 201111210122212 (base 3) to base 7.
154064315
112321031332 (base 4) to base 7
102004120
-71158 (base 10) to base 5
-4234113
Convert f78b (base 16) to base 4.
33132023
307b99 (base 13) to base 6
40125123
Convert -11300a4 (base 12) to base 14.
-61b828
What is 1b3392 (base 12) in base 13?
13b8c3
What is -11101101110000110 (base 2) in base 3?
-20011222200
100211111 (base 3) to base 8
16000
What is -12203100133 (base 4) in base 7?
-20411434
Convert 1b9b227 (base 12) to base 2.
10110100111100001111111
What is -22502 (base 14) in base 7?
-464602
What is 201201013331 (base 4) in base 13?
1a88392
-111100001111101 (base 2) to base 3
-1120022102
Convert -1001111001011000010 (base 2) to base 6.
-10541202
Convert -322432040 (base 5) to base 8.
-5173504
23232061 (base 9) to base 7
165021211
What is 2f694 (base 16) in base 4?
233122110
Convert 102102111121011 (base 3) to base 14.
b40d01
15a604 (base 14) to base 8
2711374
-5312524 (base 6) to base 14
-6a308
Convert 1230210120 (base 6) to base 4.
312201222000
-1da2d4 (base 15) to base 5
-332430044
162b28 (base 14) to base 13
212294
Convert 3660123 (base 13) to base 2.
1000000011001000010000101
Convert 11001110000000100010 (base 2) to base 6.
30030310
1111010111110110111 (base 2) to base 14
d1811
Convert 218871 (base 11) to base 8.
1250425
Convert -558031 (base 9) to base 11.
-208965
What is -1220102221210 (base 3) in base 13?
-295b54
Convert -605775 (base 8) to base 3.
-101010220110
Convert -200130323 (base 5) to base 7.
-6453350
Convert -50293 (base 11) to base 2.
-10001111101001101
Convert -1300331230 (base 5) to base 2.
-1011111101101110111000
Convert 43894 (base 13) to base 14.
32804
Convert 311802b (base 12) to base 15.
c282be
What is -10000111111100101100 (base 2) in base 14?
-106d08
Convert -1333830 (base 9) to base 5.
-141344013
What is -11051216 (base 8) in base 15?
-3204a5
-401638 (base 11) to base 10
-646302
What is -2c1f06 (base 16) in base 6?
-141550410
3504156 (base 10) to base 4
31113200130
What is -12435164 (base 8) in base 5?
-1202024401
What is 1822675 (base 11) in base 5?
1242431341
c844 (base 14) to base 4
20123330
Convert 51800 (base 10) to base 8.
145130
Convert -772435 (base 9) to base 11.
-295468
-3232133 (base 4) to base 15
-47c8
122132011 (base 4) to base 5
11432141
102112211 (base 3) to base 12
4a57
Convert -512502 (base 6) to base 15.
-c145
What is -2210220022021 (base 3) in base 6?
-52004224
What is -33c797 (base